True
Suppose 80*j = 17321999 + 2338561. Is j composite?
True
Suppose -5*b - b + 84 = 0. Suppose 19*m = b*m - 5965. Let w = m - -3198. Is w composite?
True
Let t(q) be the third derivative of -q**5/60 + 7*q**4/12 + 17*q**3/6 - 21*q**2. Let b be t(15). Is ((-1154)/6)/(b/(-42) + 0) prime?
False
Let f(s) = -35 - s**2 - 13*s - 18*s**2 - 46*s**2 + 7*s**2. Let b(n) = 29*n**2 + 6*n + 17. Let a(l) = 13*b(l) + 6*f(l). Is a(6) prime?
False
Let y(x) = 671*x - 6979. Is y(18) prime?
True
Suppose 2*l = l - 5*t + 2172, -10 = 5*t. Let u = 4113 - l. Is u a composite number?
False
Suppose -69*y + 199132 = -67*y + 5*a, 0 = 2*y + 2*a - 199132. Is y a composite number?
True
Let g be -18*5*3/(-9). Let i be (12/g)/(1/10) + -1. Suppose -i*c - 393 = -6*c. Is c prime?
True
Let v(b) = 23 - 7*b - b**2 - 16 - b. Let c be v(-7). Let g(z) = 6*z**2 - 18*z + 17. Is g(c) a prime number?
True
Let v(c) = -5*c - 57. Let p be v(-12). Suppose 4*g = p*g + 4*l, 0 = -3*g + 3*l. Suppose g = -11*z + 5*z + 2154. Is z composite?
False
Is (45/6)/(-17 - (-834990)/49116) composite?
True
Suppose -2*c - 78 = -2*w + 6*w, 3*w = -c - 58. Let m = -13 - w. Suppose -m*x + 189 + 489 = 0. Is x a prime number?
True
Suppose 0 = -6*o - o. Is o - -751 - 2*(-6 - -5) composite?
True
Suppose -12*h + 3 = -189. Suppose -230 = -h*a + 32074. Is a a composite number?
True
Let r(m) = -24*m - 19. Let x be r(-13). Suppose -12*c = -13*c + x. Is c prime?
True
Suppose 0 = 7*m - 89430 + 32023. Suppose 8*r - m + 1489 = 0. Is r a composite number?
False
Is 2/10 - (-18034)/5 a composite number?
False
Suppose 0 = q - 4, 12*a + 2*q - 92616 = 8*a. Let l = a + -16019. Is l prime?
False
Let y = 1089848 - 695969. Is y a composite number?
True
Suppose 84218 = 2*t - s, -155*t + 160*t = 5*s + 210545. Is t a composite number?
True
Suppose -j - 133560 = -4*p, 4*p + 120*j - 117*j - 133576 = 0. Is p a prime number?
True
Is 171137 - (20 + -6) - -19 a composite number?
True
Let m(c) = c**2 + 19*c + 41. Let a be m(-17). Suppose -a*y + y = -18. Suppose -q + 553 = 3*n + 3*q, y*q - 176 = -n. Is n prime?
True
Suppose -5*h + 8505 = 3*i + 725, -4*i = 4*h - 6232. Suppose -3*c + 0*d = -d - h, -4*c = -5*d - 2078. Is c prime?
False
Let k(o) = -o**3 - 48*o**2 + 22*o - 39. Let a(s) = -s**3 - 32*s**2 + 15*s - 26. Let j(w) = -7*a(w) + 5*k(w). Let n be -12*6/(-90)*225/18. Is j(n) prime?
False
Let y = 73 - 63. Let o(j) be the first derivative of 4*j**3/3 - 4*j**2 - 21*j + 8. Is o(y) composite?
True
Suppose 0 = -3*h - 4 + 34. Suppose 4*v - 3*f = 27, 35 = 5*v - h*f + 5*f. Suppose -v*i + 10*i = 2776. Is i prime?
False
Let y be 3 + (-21)/(-2)*(-68)/(-51). Suppose -2*c = y*c - 106837. Is c a composite number?
False
Let h = 568338 - 280361. Is h prime?
True
Suppose 26*a - 285 = 157. Suppose 4*j - 15*h + a*h = 21852, -5*j = -h - 27329. Is j a prime number?
False
Let h = 250 + -238. Suppose -2*j = -5*s + 40797, 0 + h = 3*j. Is s a composite number?
False
Suppose -3*w = -47*q + 48*q - 123900, -5*q + 41314 = w. Is w a prime number?
True
Let p(h) = -44*h - 9. Let k = 9 + -5. Let s(u) = -43*u - 8. Let j(g) = k*p(g) - 5*s(g). Is j(3) prime?
False
Suppose 725*t - 697*t = 893396. Is t a composite number?
False
Is (-58)/174 - 1751916/(-9) a prime number?
False
Let h = -272 + 17896. Suppose -w - h = -4*u, 3*u - 2*w - 11726 = 1497. Is u prime?
False
Let p = -122 + 125. Suppose -h = -p*g - 5238 + 18760, 0 = -4*g + 3*h + 18031. Is g prime?
True
Let v = 51 + -43. Let t be 15/10*v/3. Suppose 2*a - 54 = -n + 91, -4*a = t*n - 296. Is a a composite number?
False
Suppose 32*x = -382081 + 6046241. Is x a prime number?
False
Suppose -5*b - 20009 = 12*b. Let x = 264 - b. Is x composite?
True
Let g = 39011 + -15162. Is g a composite number?
True
Is 130630 - -2*(-4)/(-8) a composite number?
False
Let t = 118 - 121. Is (15/(-10))/(t*(-1)/(-1262)) prime?
True
Let n be (-3291)/(-9) + 8/(-12). Suppose 5*b - 10 = n. Suppose 2*c = 2481 - b. Is c a prime number?
False
Let z(x) = x**3 - 29*x**2 - 103*x + 20. Let b be z(24). Let s = b + 10319. Is s a composite number?
False
Suppose 20*m - 17*m = 29*m - 3034694. Is m a composite number?
False
Let y(g) = 3*g**2 + 2*g - 3. Let m be y(1). Suppose -8444 = -m*l + 1014. Is l a prime number?
True
Suppose -11*q + 2522502 = -1271222 - 291093. Is q a composite number?
True
Let t(b) = b**3 - 7*b**2 - 14*b + 66. Let w be t(8). Suppose 16803 = 21*f - w*f. Is f a prime number?
False
Suppose -34712 = -4*p + p - 5*i, -p - 2*i = -11569. Is p a prime number?
True
Let x(k) be the second derivative of 181*k**3/3 + 79*k**2/2 + 39*k - 2. Is x(14) a composite number?
False
Let v(j) = 161*j**2 + 57*j - 881. Is v(22) prime?
False
Let q(m) = -35*m + 77. Let b be q(17). Let d be (-3)/((-18)/(-10))*6. Is d/5*b/4 a composite number?
True
Let g be ((-4044)/24)/(2/4). Let j = -152 - g. Is j prime?
False
Suppose 108 = -2*d - 46. Let y = 90 + d. Let v = 224 - y. Is v prime?
True
Let c = -277 - -281. Let z = 4 + 0. Suppose s = 5*b - c*s - 685, -b = -z*s - 122. Is b a prime number?
False
Let k = 1452 - 2092. Let x = 4299 + k. Is x a composite number?
False
Let c = 116 + 672. Suppose 4*a - 244 - c = -z, 3*a = -z + 775. Is a a composite number?
False
Let d(i) = i**3 - 12*i**2 + 8*i - 46. Let g be d(12). Let w(z) = 3*z**3 - 3*z**2 - 11*z + 10. Let u be w(8). Suppose 52*o - g*o = u. Is o a composite number?
True
Let w(f) = -f**2 + f + 22. Let y be w(5). Suppose -4*s - 832 = -y*i, 167 = 5*i + s - 1869. Suppose -501 = -l - 5*b, -l + 3*b + 77 = -i. Is l a prime number?
True
Suppose -9*m = -5*m + m - 1158305. Is m a prime number?
True
Let i be (-7)/(0 - (-6)/(-6)). Let g(n) = 835*n + 106. Is g(i) a composite number?
True
Let j be -4 + 2 + (-2 - -9). Suppose -5*p + f - 4*f = -50, j*f = 25. Suppose -p*k = -4*k - 4443. Is k prime?
True
Let a(u) = -126*u**3 + 2*u**2 - 40*u + 41. Is a(-7) prime?
False
Let a = -126 + 12803. Is a prime?
False
Let d(r) = 57*r - 30. Let p be d(-20). Let k = p - -99. Let q = -362 - k. Is q a composite number?
False
Let c = 28655 - -11888. Is c a prime number?
True
Suppose 5*o - 418356 = 3*m - 2839919, -3*m - 3*o = -2421531. Is m prime?
True
Let a be (-10 - 12/4)/(1/3). Let l = 226 - a. Is l prime?
False
Suppose -76*u + q - 185837 = -78*u, u - 8*q = 92961. Is u composite?
False
Let h(t) = 972*t + 2. Let j = 11 - 10. Let z be h(j). Suppose 0 = u + g - 260, -5*u = 2*g - 335 - z. Is u prime?
True
Let p(i) = -2*i + 19. Let r be p(7). Let s(l) = -22 + 68*l**2 - 6*l + 5*l + 0*l + 0*l**2. Is s(r) a composite number?
True
Let o = 6333 + 2084. Suppose -3*s + o = 1808. Is s a prime number?
True
Suppose -649*z = -665*z + 858896. Is z composite?
False
Suppose -3*x + 4*t + 317103 = 0, -t - 85820 = 2*x - 297211. Is x prime?
False
Suppose 16*n - 1051333 = -195477. Is n composite?
True
Let x(g) be the first derivative of -g**4/4 - 7*g**3/3 - g**2/2 - 5*g + 2. Let k = 1320 + -1328. Is x(k) composite?
False
Let r(u) = -u**3 + 97*u**2 + 85*u - 26. Is r(-33) prime?
True
Let v = -204 - -204. Suppose -3*c + 2*q + 2751 = v, -5*c + 2*c - 3*q + 2751 = 0. Is c prime?
False
Let k be 2 - -7*(617 + 0). Let b = -2140 + k. Suppose -b - 1597 = -2*p. Is p a composite number?
False
Suppose -4*p + p = -5*p. Is (p - 1)/((-10)/30470) a prime number?
False
Is 4125245/6 - (-299)/1794 a composite number?
False
Suppose 5016 = 8*i - 2*i. Suppose -2417 = -2*n - 3*t, 4*n = 5*n + 3*t - 1210. Let h = n - i. Is h a composite number?
True
Let i = 134194 + 161993. Is i composite?
True
Let k(w) = 8*w. Let b be k(0). Suppose -5*a + 5286 + 9199 = b. Let d = a - 1828. Is d composite?
False
Let n(u) = -127117*u + 975. Is n(-2) prime?
True
Suppose 9*w - 180 = 12*w. Let u = 23 - w. Is u composite?
False
Suppose 5*a + y - 7007 = 27661, 0 = -5*y + 15. Let r = 11939 - a. Is r a prime number?
False
Let f = 10986 - 6897. Suppose -103*d + 100*d = -f. Is d a prime number?
False
Let s(n) = -n**3 + 24*n**2 + 205*n - 59. Is s(24) a prime number?
True
Suppose 3*u - 5*a + 3*a + 25877 = 0, -8643 = u - 5*a. Let l = u + 12724. Is l composite?
True
Let l(b) = -3*b**3 - 4*b**2 - b + 4. Let p be l(-2). Is (254 + -3)/(2/p) prime?
False
Let k = -1044 - -284. Let t be (200/(-3))/(k/(-381) + -2). Suppose 5*u - t = -95. Is u composite?
False
Suppose -r + 6*r = 4*r, v - 150779 = 4*r. Is v composite?
False
Is ((-202803)/(-9))/((-2)/(-6)) p